1 - 24?
-13
In base 14, what is -2 + 38c?
38a
In base 9, what is -7 - -20?
12
In base 10, what is -10023 + 1?
-10022
In base 10, what is -4 + 35?
31
In base 2, what is 1101100 + 11101000?
101010100
In base 12, what is -46a + 5?
-465
In base 9, what is -26 - 1?
-27
In base 2, what is 10110001 - 10?
10101111
In base 4, what is -1012131 - 11?
-1012202
In base 5, what is -1114 + 2?
-1112
In base 10, what is 0 + -40?
-40
In base 15, what is 1295 - -5?
129a
In base 2, what is -101 - 10010111101?
-10011000010
In base 15, what is 4 - -62?
66
In base 10, what is 12 + 127?
139
In base 11, what is 40 - a2?
-62
In base 9, what is -100 + 86?
-3
In base 3, what is -22120 + -2?
-22122
In base 5, what is 10 + -43211?
-43201
In base 13, what is -83 - -5?
-7b
In base 10, what is 4 + -55?
-51
In base 3, what is -22111 + 12?
-22022
In base 4, what is 0 + 102?
102
In base 13, what is -70 - -2?
-6b
In base 15, what is -a8 + -5?
-ad
In base 5, what is -4 - 132?
-141
In base 11, what is 85 + -2?
83
In base 3, what is -121 + 211?
20
In base 6, what is -150453 + 0?
-150453
In base 11, what is 5 + 27?
31
In base 15, what is 0 - -5ea?
5ea
In base 15, what is -b6 + b?
-aa
In base 2, what is -1000 + 1111111?
1110111
In base 4, what is 133 + -11?
122
In base 10, what is -19227 - 4?
-19231
In base 10, what is -9 - 1473?
-1482
In base 3, what is -10002 - 1200?
-11202
In base 16, what is -436 + 6?
-430
In base 2, what is -1 - 110110001?
-110110010
In base 9, what is 232 - -1?
233
In base 14, what is -15 + 1c?
7
In base 4, what is 0 - -32321?
32321
In base 8, what is -1 + 1444?
1443
In base 9, what is 3 - 1343?
-1340
In base 16, what is -38e - 4?
-392
In base 13, what is -4 + 140?
139
In base 16, what is -a - -154?
14a
In base 3, what is -21 + -22001?
-22022
In base 16, what is -5 - -1953?
194e
In base 8, what is -74 - -3?
-71
In base 14, what is -4a - -3b?
-d
In base 8, what is 5 + -135?
-130
In base 2, what is -10 - -11010111011?
11010111001
In base 3, what is -11220 + 12?
-11201
In base 7, what is 4 + 100?
104
In base 14, what is 2d + -4a?
-1b
In base 16, what is 3 + -1a?
-17
In base 6, what is 10 + 1100?
1110
In base 4, what is 10 - 3011?
-3001
In base 14, what is -3 - 9?
-c
In base 13, what is 4 - -137a?
1381
In base 13, what is -86 + -31?
-b7
In base 3, what is 1110102222 + 10?
1110110002
In base 12, what is 61 - -7?
68
In base 7, what is 4 - -216?
223
In base 11, what is 96 - 4?
92
In base 12, what is b - b?
0
In base 11, what is 673 + 2?
675
In base 6, what is -5442 + -2?
-5444
In base 6, what is 35245 - -1?
35250
In base 4, what is 10 + -213010?
-213000
In base 12, what is a - -68?
76
In base 10, what is -241 - -10?
-231
In base 16, what is -c - 2?
-e
In base 8, what is -3 + 4?
1
In base 9, what is 2 - 7?
-5
In base 2, what is -10110010010 - -101?
-10110001101
In base 4, what is 110130 + 2?
110132
In base 14, what is -2 - -60?
5c
In base 14, what is -d7 - 5?
-dc
In base 8, what is 10 + 16?
26
In base 3, what is 12 - -20?
102
In base 7, what is 1 - -44?
45
In base 7, what is 14 - 12061?
-12044
In base 4, what is 122 - 110?
12
In base 3, what is -220221 + -220?
-221211
In base 12, what is 2 + -82?
-80
In base 13, what is a63 - -5?
a68
In base 2, what is -1 - -110?
101
In base 10, what is 272 + -5?
267
In base 7, what is 0 + -3664?
-3664
In base 7, what is 4 - -4640?
4644
In base 16, what is -38 - 3f?
-77
In base 7, what is 2610 - -4?
2614
In base 3, what is 111 - -112?
1000
In base 13, what is -4 - -1668?
1664
In base 13, what is 3 - 5b?
-58
In base 15, what is 3 - 36?
-33
In base 14, what is 74 - -5?
79
In base 10, what is 1693 + 0?
1693
In base 16, what is -20 - -18?
-8
In base 3, what is 1001 + -21?
210
In base 2, what is -111100 - -1100?
-110000
In base 16, what is -4 + c7?
c3
In base 13, what is 49 - 35?
14
In base 7, what is 10 - -2536?
2546
In base 5, what is 10 + -334?
-324
In base 5, what is -4 - 401?
-410
In base 12, what is -123 + b?
-114
In base 13, what is -204 - 16?
-21a
In base 8, what is -212 + 11?
-201
In base 9, what is 5 - 10568?
-10563
In base 12, what is -9 - -256?
249
In base 15, what is -164 + -1?
-165
In base 5, what is 33223 - -1?
33224
In base 15, what is 4 + 12?
16
In base 8, what is -2 + 105?
103
In base 3, what is 220112 - 21?
220021
In base 10, what is 1172 + -5?
1167
In base 7, what is 3 + 344?
350
In base 11, what is 7 - -88a?
896
In base 11, what is -a + -226?
-235
In base 11, what is -100 - 2?
-102
In base 10, what is -1780 + -5?
-1785
In base 16, what is 1a3 - -2e?
1d1
In base 10, what is -8 - 124?
-132
In base 2, what is 111 + -1?
110
In base 16, what is -20 - 2?
-22
In base 13, what is 243 + 2?
245
In base 14, what is 3 + 7?
a
In base 5, what is 2122 + -4?
2113
In base 10, what is -1 - 406?
-407
In base 12, what is -4 - -3b6?
3b2
In base 16, what is 3 + -29?
-26
In base 11, what is 3 + 277?
27a
In base 6, what is -4 + -22?
-30
In base 10, what is -901 - 1?
-902
In base 2, what is -10 - -1010100?
1010010
In base 7, what is -22 + 0?
-22
In base 4, what is 30 + 10233?
10323
In base 15, what is 7d + 7?
85
In base 5, what is 1 - 1201?
-1200
In base 8, what is 305 + 10?
315
In base 14, what is -5 + 166?
161
In base 13, what is -23 - 0?
-23
In base 11, what is 63 - -46?
a9
In base 11, what is 12 - 537?
-525
In base 9, what is -32 - -1?
-31
In base 13, what is 1 - -15?
16
In base 5, what is 410 - 141?
214
In base 13, what is 8 + -4?
4
In base 9, what is 305 + -31?
264
In base 16, what is c6d + -4?
c69
In base 15, what is 9 + -4?
5
In base 2, what is 1110 - -10001011?
10011001
In base 15, what is 11 + 5?
16
In base 11, what is 74 + 4?
78
In base 3, what is -10200 - 211?
-11111
In base 10, what is 3 + 67?
70
In base 16, what is -415 - 2?
-417
In base 5, what is 3412 - 3?
3404
In base 8, what is 2 + 65?
67
In base 6, what is 11 - 433?
-422
In base 8, what is 3 - 4475?
-4472
In base 14, what is 0 - -2?
2
In base 7, what is -352 - 3?
-355
In base 5, what is -3113 + 14?
-3044
In base 5, what is 1 + -432?
-431
In base 8, what is 15150 + 1?
15151
In base 2, what is 101000110101011 + -101?
101000110100110
In base 13, what is 169 + -3?
166
In base 13, what is -71 + 8?
-66
In base 4, what is 1002 - -212?
1220
In base 12, what is 0 - 17b3?
-17b3
In base 7, what is 5 - 5?
0
In base 4, what is -3 + 33333?
33330
In base 8, what is -5 + 16137?
16132
In base 12, what is 2 - -18?
1a
In base 12, what is -22 - 3?
-25
In base 15, what is 0 + 7d0?
7d0
In base 6, what is 4422 - 1?
4421
In base 7, what is 2 + 15332?
15334
In base 7, what is 451 + 3?
454
In base 5, what is -1231 - 1?
-1232
In base 7, what is 0 - -13341?
13341
In base 9, what is -200 - 0?
-200
In base 16, what is -5 - -3d?
38
In base 5, what is 32040 + 1?
32041
In base 8, what is 14 + 412?
426
In base 8, what is -377 - -3?
-374
In base 13, what is 3 + -b82?
-b7c
In base 5, what is -10 + 234?
224
In base 8, what is 77 - -1?
100
In base 4, what is -1 - -13013?
13012
In base 14, what is -23 + 19?
-8
In base 2, what is 101 - -1101001?
1101110
In base 16, what is -5 + 52?
4d
In base 2, what is 110111 - -11?
111010
In base 6, what is 252035 - 2?
252033
In base 13, what is -4 + 253?
24c
In base 4, what is 1111 + 10123?
11300
In base 8, what is -5 + 1035?
1030
In base 16, what is -7bd + 3?
-7ba
In base 16, what is fcb + 0?
fcb
In base 3, what is 11100 + -112?
10211
In base 5, what is -4 + 1221?
1212
In base 13, what is 3a - 2?
38
In base 15, what is -3 + -385?
-388
In base 13, what is -3 - -117?
114
In base 16, what is 142 + -b?
137
In base 7, what is 4555 - 4?
4551
In base 10, what is -58 - 3?
-61
In base 2, what is 1101010010111 - -101?
1101010011100
In base 15, what is 0 + 4ce?
4ce
In base 2, what is 1011 + 11001?
100100
In base 14, what is -54 - 8?
-5c
In base 5, what is -220 - -4?
-211
In base 7, what is 10 - -305?
315
In base 15, what is -2a6 - -3?
-2a3
In base 4, what is -313 + 21?
-232
In base 8, what is 4 + 270?
274
In base 4, what is 20 - 100?
-20
In base 5, what is -1343140 + -3?
-1343143
In base 13, what is 5 + c?
14
In base 16, what is 78 + -135?
-bd
In base 16, what is 52 - -9?
5b
In base 10, what is 0 - -15?
15
In base 12, what is 5 + 3?
8
In base 15, what is -1 + 684?
683
In base 7, what is 155 - -115?
303
In base 10, what is -373 + 0?
-373
In base 2, what is -1100111100100 + -10?
-110011